2
Let x(s) = s. Let k be x(-4). Let o be (0 + -4)*(3 + k). Suppose -j - o*j = -40. What is the units digit of j?
8
Suppose 0 = 2*q - 4*q - 4. Let o be (q/(-3))/((-12)/(-90)). Suppose -2*r = s - 30, 0*r + o*s = -2*r + 38. What is the tens digit of r?
1
Suppose -4*o = 12 - 32. Suppose -m = -o*m - 188. Let v = 68 + m. What is the tens digit of v?
2
Let d = -19 - -19. Suppose g - 2*g + 8 = d. What is the units digit of g?
8
Suppose -3*u - 1 = k, -5*k + 2*u + 49 = -u. Suppose k - 64 = -4*t. What is the units digit of t?
4
Let g(n) = 13*n. What is the tens digit of g(1)?
1
Suppose -9 = -4*h + 3*h. What is the units digit of h?
9
Let g = -29 - -20. Let y be (-16)/g - 4/(-18). Suppose y*s = 5*s - 21. What is the units digit of s?
7
Suppose 11*l = 9*l + 228. What is the units digit of l?
4
Let i(d) = -2*d. What is the units digit of i(-8)?
6
Let d = 106 + -76. What is the units digit of d?
0
Let z be 6 + -2*(-3)/6. Let t = z + -6. What is the units digit of t?
1
Let h(s) = 1 + 0 + 2*s**2 - s**2 + 2*s. Suppose 3*w + 9 = -2*d, d + 4*w = -0*d - 7. What is the units digit of h(d)?
4
Let b = 23 - 12. Let m = b + -7. What is the units digit of (-32)/(-12) - m/6?
2
Let y = 3 + 17. Suppose -12*q + y = -10*q. What is the tens digit of q?
1
Let k(j) = j**3 + 6*j**2 - j - 4. Let m = -3 + -3. What is the units digit of k(m)?
2
Suppose 2*y + 6 = 2*n, -2*y + 0*n = -n + 4. What is the units digit of -3 - (-12 + y) - -3?
3
Let v(o) = -2*o**3 - 2*o**2 + 4*o + 3. Let d = 12 - 15. What is the tens digit of v(d)?
2
Let r(j) = j**3 - 4*j**2 + 3. Let h be r(4). Suppose 0 = -h*c + 2*c + w + 8, 4 = -2*w. What is the units digit of c?
6
Suppose -8*p = -117 - 219. What is the units digit of p?
2
Let p = -22 + 40. Suppose 2*i = -0 - p. What is the units digit of (-3)/(i/15) - -2?
7
Suppose -5*c + i + 109 = 4*i, -2*c + 56 = -5*i. Suppose 0*h - 6 = -4*t + 3*h, -10 = 5*t + 5*h. Suppose -3*a + c - 5 = t. What is the units digit of a?
6
Let f be 381/6 - 2/(-4). Suppose -4*z - 4*s + f = 0, 2*z - 3 = 5*s + 1. What is the tens digit of z?
1
Suppose -3*q = -4*w - 8, 4*q - 6*w + w = 12. What is the units digit of q?
8
Suppose 2*n = -3*g + 115 + 63, -260 = -3*n - g. What is the tens digit of n?
8
Suppose 1876 = -21*h + 5278. What is the hundreds digit of h?
1
Suppose -2*d + 1 - 18 = -k, -107 = -4*k - 5*d. Suppose -5*i + k = -2. Suppose l - i*c = -0*c + 22, -8 = 4*l + 4*c. What is the units digit of l?
2
Let r be (-18 - 0)*36/(-27). Let h = r + 11. What is the units digit of h?
5
What is the units digit of ((-24)/(-14))/(((-20)/(-84))/5)?
6
Suppose 9*y - 235 = -37. What is the tens digit of y?
2
Let i(p) = p**2 + 14*p - 8. What is the units digit of i(-15)?
7
Suppose -i - 2*g = i + 8, -g = 3*i + 4. Suppose 2*h + i*h + 22 = 0. Let y = h - -18. What is the units digit of y?
7
Let p = -25 - -17. Let g = p - -15. What is the units digit of g?
7
Suppose 4*s - 117 = 375. Let c = -71 + s. Suppose -2*h = -4*h - 4*w + c, 4*w - 20 = 0. What is the tens digit of h?
1
Let o = -1 - -1. Suppose o = 4*h - 5*h. What is the units digit of (h + -1)*2 - -7?
5
Suppose -1 - 7 = -4*l. Suppose 2*r - l = w - 12, -r + 5 = 2*w. What is the tens digit of r + 14 + (4 - 3)?
1
Suppose -l = 3*x - 247, -2*l - 5*x = 2*l - 974. What is the hundreds digit of l?
2
Let x(b) = -b**2 - 12*b - 5. Let o(j) = -j**2 - 7*j - 6. Let p be o(-6). Let g(s) = -s**2 + s - 10. Let t be g(p). What is the tens digit of x(t)?
1
Let g be ((-125)/3 + 3)*-3. Suppose 0 = -5*k - 2*b + g, -4*b - 44 = 4*k - 132. What is the tens digit of k?
2
Let k = 268 - 178. What is the tens digit of k?
9
What is the units digit of 12/5 - 34/85?
2
Let x = 49 - 29. Suppose -l + 5*l - 5*g - 25 = 0, 3*l - 4*g - x = 0. Suppose 5*f + 14 - 59 = l. What is the units digit of f?
9
Let q = 243 + -172. What is the units digit of q?
1
Suppose 10*p + 2 = 11*p. Suppose -34 = -4*k + p*k. What is the units digit of k?
7
Let z(x) = x + 5. Let m be z(0). Suppose 0 = n + 2 - m. What is the units digit of n?
3
Let r(z) = 54*z**2 + z + 7. What is the units digit of r(-2)?
1
Suppose -21*z = -19*z - 60. What is the units digit of 1235/z + (-2)/12?
1
Let y be (3/9)/(1/57). Let r = -2 + y. Let m = r + -12. What is the units digit of m?
5
Let r = 1 + -1. Let k = 2 - r. What is the units digit of ((-3)/(-3) - k) + 3?
2
Suppose 237 - 1254 = -9*y. What is the units digit of y?
3
Let x(g) = 27*g**2 + 5*g - 7. What is the units digit of x(-3)?
1
Suppose 57 + 29 = 2*c. What is the tens digit of c?
4
Let q(t) = -9*t - 2. Let h be q(-4). Let l = h - 18. Suppose -5*x = -l + 1. What is the units digit of x?
3
Let k = -12 + 15. Suppose 8*b = k*b + 270. What is the units digit of b?
4
Let p(m) = -m - 7. Let a(i) = -1. Let v(k) = -5*a(k) + p(k). What is the units digit of v(-5)?
3
Let v = 47 + -43. What is the units digit of v?
4
Let x = -27 + 60. What is the tens digit of x?
3
Let h = 98 + -22. What is the units digit of h?
6
Let x(w) = w**2 - 3*w - 4. What is the units digit of x(-4)?
4
Suppose 5*x + 3*o = x - 27, 15 = -3*o. What is the tens digit of (-1 - x) + (12 - 0)?
1
Suppose 2*b + 0 - 4 = 0. Suppose 0 = b*k - 3*k + 11. What is the tens digit of k?
1
Let l = 6 + 0. Suppose -6 = -d + l. What is the tens digit of d?
1
Let t = 295 + -210. What is the tens digit of t?
8
Let d(a) = a**3 - 5*a**2 + a + 1. Let y be 3 - (-1 - (0 + 1)). What is the units digit of d(y)?
6
What is the tens digit of 1/((-3)/(-33)) - 0?
1
Let l(m) = m**3 + 2*m**2 - 4*m - 1. Let w be l(-3). Let y be 1 - (0 + w/(-2)). What is the units digit of ((-5)/(-3))/(y/6)?
5
Suppose 3*n + 2 = n - 2*u, 0 = -4*n - 3*u. What is the units digit of n?
3
Suppose 4*f - 234 = 2*q, 4*f = -0*f + 5*q + 249. What is the units digit of f?
6
Let s(v) = 1 - 3*v**2 - v**3 + 2 - 2. Let x be s(2). Let h = 32 + x. What is the tens digit of h?
1
Let b(k) = 3*k**3 - 5*k**2 - 2*k - 4*k**3 - 17 - 7*k**2. What is the units digit of b(-12)?
7
Let x(r) = -r**3 - r**3 + 10 + 3*r**3 + 8*r**2. What is the units digit of x(-8)?
0
Suppose 4*w - 5*j = -0*j + 10, 4*w - 4*j = 12. Suppose -2*s = -w*s. Suppose s = y + y - 8. What is the units digit of y?
4
Let v(q) = -q - 2. Let h(n) = -n**3 + 5*n**2 + 4*n + 7. Let m be h(6). Let u be v(m). Suppose -54 + 6 = -u*l. What is the units digit of l?
6
Suppose -78 = -b + 4*b. Let i = b + 48. Suppose -4*l = -i - 6. What is the units digit of l?
7
Let h(s) = 10*s**2 - 7*s - 7. What is the units digit of h(-4)?
1
Suppose 4*p - 84 = p. What is the tens digit of p?
2
Let j = 1 - -2. Suppose j = 2*d - 1. Suppose 0 = -2*g - 0*g + d. What is the units digit of g?
1
What is the units digit of 176/6 + 2/(-6)?
9
Let y(g) = -7*g - 8. Let h(u) = -10*u - 12. Let j(k) = 5*h(k) - 7*y(k). Let o be j(-5). Suppose 5*b - o - 34 = 0. What is the units digit of b?
7
Let m = 11 - 7. Suppose 16 = 5*x - m*x. What is the units digit of x?
6
Let c(o) = 5*o**2 - 2*o - 3. What is the tens digit of c(3)?
3
Suppose -4*g + 41 = 5. What is the units digit of g?
9
Let w(f) = f**3 - 8*f - 5. What is the units digit of w(4)?
7
Let q(x) = -2*x**2 + 34*x - 2. What is the hundreds digit of q(10)?
1
Suppose -2*z = -3*f - 115, -2*f = z - 0*z - 68. What is the units digit of z?
2
Let g = 14 - 10. Let z(y) = -y**3 + 3*y**2 + 5*y + 5. What is the units digit of z(g)?
9
Let d(p) be the second derivative of -p**4/12 - 3*p**3/2 - 9*p**2/2 - p. What is the units digit of d(-7)?
5
Let n be 124/8 - 2/4. Suppose -4*t + 7*t - n = 0. What is the units digit of t?
5
Suppose 12 = -5*f + 122. Suppose -6*n + f = -4*n. What is the tens digit of n?
1
Let s(t) = -355*t**3 - 7*t**2 - 8*t - 2. What is the units digit of s(-1)?
4
Let l(s) = -s**3 + 12*s**2 - 11*s + 1. Let g be l(11). Suppose -h = -2*h - g. What is the units digit of (-7)/(-2)*2 + h?
6
Let c(f) = f**2 + 5*f + 6. Let p be c(-4). Suppose p + 4 = 2*a. What is the units digit of a?
3
Let l(u) = u**3 + 8*u**2 + 3*u + 1. What is the tens digit of l(-5)?
6
Suppose 0 = -2*n - 5*i + 19, 3*n + 3*i - 13 = 2. Suppose 0 = n*g - 3 - 11. Suppose 0*t + t = g. What is the units digit of t?
7
What is the units digit of (7 + -1 - 3) + 12?
5
Suppose -5*x - 14 = -409. What is the units digit of x?
9
Let o(g) = 6*g + 3. Let k be o(3). Suppose -k = 4*h - 7*h. What is the units digit of h?
7
Let l = -8 + 37. What is the units digit of l?
9
Le